{"id":388,"date":"2025-01-16T16:12:11","date_gmt":"2025-01-16T13:12:11","guid":{"rendered":"https:\/\/beyondcivata.com.tr\/?page_id=388"},"modified":"2025-01-16T16:12:13","modified_gmt":"2025-01-16T13:12:13","slug":"uretim","status":"publish","type":"page","link":"https:\/\/beyondcivata.com.tr\/index.php\/uretim\/","title":{"rendered":"\u00dcretim"},"content":{"rendered":"\n<p>Firmam\u0131z, ba\u011flant\u0131 elemanlar\u0131 sekt\u00f6r\u00fcnde yenilik\u00e7i, dayan\u0131kl\u0131 ve kaliteli \u00fcr\u00fcnler \u00fcretmeyi ilke edinmi\u015ftir. \u00dcretim s\u00fcre\u00e7lerimiz, modern teknoloji ile donat\u0131lm\u0131\u015f tesislerimizde, uluslararas\u0131 kalite standartlar\u0131na uygun olarak ger\u00e7ekle\u015ftirilmektedir. M\u00fc\u015fteri ihtiya\u00e7lar\u0131na \u00f6zel \u00e7\u00f6z\u00fcmler sunarak geni\u015f \u00fcr\u00fcn yelpazemizle her sekt\u00f6re hizmet vermekteyiz.<\/p>\n\n\n\n<div class=\"wp-block-columns is-layout-flex wp-container-core-columns-is-layout-1 wp-block-columns-is-layout-flex\">\n<div class=\"wp-block-column is-vertically-aligned-center is-layout-flow wp-block-column-is-layout-flow\">\n<figure class=\"wp-block-image size-full\"><img loading=\"lazy\" decoding=\"async\" width=\"488\" height=\"300\" src=\"https:\/\/beyondcivata.com.tr\/wp-content\/uploads\/2025\/01\/uretim2.jpeg\" alt=\"\" class=\"wp-image-389\" srcset=\"https:\/\/beyondcivata.com.tr\/wp-content\/uploads\/2025\/01\/uretim2.jpeg 488w, https:\/\/beyondcivata.com.tr\/wp-content\/uploads\/2025\/01\/uretim2-300x184.jpeg 300w\" sizes=\"auto, (max-width: 488px) 100vw, 488px\" \/><\/figure>\n<\/div>\n\n\n\n<div class=\"wp-block-column is-layout-flow wp-block-column-is-layout-flow\">\n<h3 class=\"wp-block-heading\"><strong>\u00dcretim S\u00fcre\u00e7lerimiz<\/strong><\/h3>\n\n\n\n<ol class=\"wp-block-list\">\n<li><strong>Hammadde Se\u00e7imi:<\/strong> Y\u00fcksek kaliteli \u00e7elik ve di\u011fer malzemeler kullan\u0131larak maksimum dayan\u0131kl\u0131l\u0131k sa\u011flan\u0131r.<\/li>\n\n\n\n<li><strong>\u0130leri Teknoloji Kullan\u0131m\u0131:<\/strong> CNC makineleri ve otomasyon sistemleri ile hassas \u00fcretim yap\u0131l\u0131r.<\/li>\n\n\n\n<li><strong>Kalite Kontrol:<\/strong> \u00dcr\u00fcnlerimiz, her a\u015famada detayl\u0131 testlerden ge\u00e7irilerek, m\u00fc\u015fteri memnuniyeti garanti alt\u0131na al\u0131n\u0131r.<\/li>\n\n\n\n<li><strong>\u00c7evre Dostu \u00dcretim:<\/strong> Enerji tasarruflu sistemler ve geri d\u00f6n\u00fc\u015f\u00fcm odakl\u0131 \u00fcretim s\u00fcre\u00e7leriyle \u00e7evreye duyarl\u0131y\u0131z.<\/li>\n<\/ol>\n<\/div>\n<\/div>\n\n\n\n<h3 class=\"wp-block-heading\"><strong>\u00dcretim Alanlar\u0131m\u0131z<\/strong><\/h3>\n\n\n\n<ol class=\"wp-block-list\">\n<li><strong>Ba\u011flant\u0131 Elemanlar\u0131:<\/strong>\n<ul class=\"wp-block-list\">\n<li>C\u0131vata (DIN931, DIN933, DIN912 ve di\u011fer standartlar)<\/li>\n\n\n\n<li>Somun (DIN934, DIN985, DIN6923 gibi)<\/li>\n\n\n\n<li>\u00d6zel civata ve somun \u00e7\u00f6z\u00fcmleri<\/li>\n<\/ul>\n<\/li>\n\n\n\n<li><strong>D\u00fcbel \u00c7e\u015fitleri:<\/strong>\n<ul class=\"wp-block-list\">\n<li>Asma tavan d\u00fcbelleri<\/li>\n\n\n\n<li>Klipsli, \u00e7akmal\u0131, borulu ve S tipi d\u00fcbeller<\/li>\n\n\n\n<li>A\u00e7\u0131k ve kapal\u0131 kancal\u0131 d\u00fcbeller<\/li>\n<\/ul>\n<\/li>\n\n\n\n<li><strong>Per\u00e7inler:<\/strong>\n<ul class=\"wp-block-list\">\n<li>DIN7337 Pop Per\u00e7in<\/li>\n\n\n\n<li>\u00d6zel per\u00e7in \u00e7\u00f6z\u00fcmleri<\/li>\n<\/ul>\n<\/li>\n\n\n\n<li><strong>End\u00fcstriyel Sabitleme Sistemleri:<\/strong>\n<ul class=\"wp-block-list\">\n<li>A\u011f\u0131r y\u00fckler i\u00e7in y\u00fcksek mukavemetli d\u00fcbeller<\/li>\n\n\n\n<li>Titre\u015fime dayan\u0131kl\u0131 ba\u011flant\u0131 elemanlar\u0131<\/li>\n<\/ul>\n<\/li>\n<\/ol>\n\n\n\n<hr class=\"wp-block-separator has-alpha-channel-opacity\"\/>\n\n\n\n<h3 class=\"wp-block-heading\"><strong>\u00dcretim Kapasitemiz<\/strong><\/h3>\n\n\n\n<ul class=\"wp-block-list\">\n<li><strong>G\u00fcnl\u00fck \u00dcretim:<\/strong> Binlerce ba\u011flant\u0131 eleman\u0131n\u0131 h\u0131zl\u0131 ve verimli bir \u015fekilde \u00fcretme kapasitesine sahibiz.<\/li>\n\n\n\n<li><strong>Malzeme Se\u00e7enekleri:<\/strong> \u00c7elik, paslanmaz \u00e7elik, galvanizli \u00e7elik, al\u00fcminyum ve plastik.<\/li>\n\n\n\n<li><strong>Standart ve \u00d6zel \u00dcretim:<\/strong> Uluslararas\u0131 standartlara uygun \u00fcretimlerin yan\u0131 s\u0131ra, \u00f6zel projeler i\u00e7in tasar\u0131m ve \u00fcretim hizmetleri sunuyoruz.<\/li>\n<\/ul>\n\n\n\n<p><\/p>\n","protected":false},"excerpt":{"rendered":"<p>Firmam\u0131z, ba\u011flant\u0131 elemanlar\u0131 sekt\u00f6r\u00fcnde yenilik\u00e7i, dayan\u0131kl\u0131 ve kaliteli \u00fcr\u00fcnler \u00fcretmeyi ilke edinmi\u015ftir. \u00dcretim s\u00fcre\u00e7lerimiz, modern teknoloji ile donat\u0131lm\u0131\u015f tesislerimizde, uluslararas\u0131 kalite standartlar\u0131na uygun olarak ger\u00e7ekle\u015ftirilmektedir. M\u00fc\u015fteri ihtiya\u00e7lar\u0131na \u00f6zel \u00e7\u00f6z\u00fcmler sunarak geni\u015f \u00fcr\u00fcn yelpazemizle her sekt\u00f6re hizmet vermekteyiz. \u00dcretim S\u00fcre\u00e7lerimiz \u00dcretim Alanlar\u0131m\u0131z \u00dcretim Kapasitemiz<\/p>\n","protected":false},"author":1,"featured_media":0,"parent":0,"menu_order":0,"comment_status":"closed","ping_status":"closed","template":"","meta":{"footnotes":""},"class_list":["post-388","page","type-page","status-publish","hentry"],"_links":{"self":[{"href":"https:\/\/beyondcivata.com.tr\/index.php\/wp-json\/wp\/v2\/pages\/388","targetHints":{"allow":["GET"]}}],"collection":[{"href":"https:\/\/beyondcivata.com.tr\/index.php\/wp-json\/wp\/v2\/pages"}],"about":[{"href":"https:\/\/beyondcivata.com.tr\/index.php\/wp-json\/wp\/v2\/types\/page"}],"author":[{"embeddable":true,"href":"https:\/\/beyondcivata.com.tr\/index.php\/wp-json\/wp\/v2\/users\/1"}],"replies":[{"embeddable":true,"href":"https:\/\/beyondcivata.com.tr\/index.php\/wp-json\/wp\/v2\/comments?post=388"}],"version-history":[{"count":1,"href":"https:\/\/beyondcivata.com.tr\/index.php\/wp-json\/wp\/v2\/pages\/388\/revisions"}],"predecessor-version":[{"id":390,"href":"https:\/\/beyondcivata.com.tr\/index.php\/wp-json\/wp\/v2\/pages\/388\/revisions\/390"}],"wp:attachment":[{"href":"https:\/\/beyondcivata.com.tr\/index.php\/wp-json\/wp\/v2\/media?parent=388"}],"curies":[{"name":"wp","href":"https:\/\/api.w.org\/{rel}","templated":true}]}}