{"id":379,"date":"2025-01-16T16:05:14","date_gmt":"2025-01-16T13:05:14","guid":{"rendered":"https:\/\/beyondcivata.com.tr\/?page_id=379"},"modified":"2025-01-16T16:05:16","modified_gmt":"2025-01-16T13:05:16","slug":"cerez-politikasi","status":"publish","type":"page","link":"https:\/\/beyondcivata.com.tr\/index.php\/cerez-politikasi\/","title":{"rendered":"\u00c7EREZ POL\u0130T\u0130KASI"},"content":{"rendered":"\n<p><strong>BEYOND C\u0130VATA SANAY\u0130 VE T\u0130CARET LTD. \u015eT\u0130.<\/strong><\/p>\n\n\n\n<p>Web sitemizden en iyi \u015fekilde faydalanman\u0131z\u0131 sa\u011flamak ve kullan\u0131c\u0131 deneyiminizi geli\u015ftirmek amac\u0131yla \u00e7erezler kullan\u0131lmaktad\u0131r. Bu \u00c7erez Politikas\u0131, \u00e7erezlerin ne oldu\u011funu, hangi t\u00fcr \u00e7erezleri kulland\u0131\u011f\u0131m\u0131z\u0131 ve \u00e7erezlerin y\u00f6netimini a\u00e7\u0131klamaktad\u0131r.<\/p>\n\n\n\n<hr class=\"wp-block-separator has-alpha-channel-opacity\"\/>\n\n\n\n<h4 class=\"wp-block-heading\">1. <strong>\u00c7erez Nedir?<\/strong><\/h4>\n\n\n\n<p>\u00c7erezler, bir web sitesini ziyaret etti\u011finizde taray\u0131c\u0131n\u0131z taraf\u0131ndan cihaz\u0131n\u0131za depolanan k\u00fc\u00e7\u00fck metin dosyalar\u0131d\u0131r. \u00c7erezler, bir web sitesinin sizi tan\u0131mas\u0131n\u0131 ve tercihlerinizi hat\u0131rlamas\u0131n\u0131 sa\u011flar.<\/p>\n\n\n\n<hr class=\"wp-block-separator has-alpha-channel-opacity\"\/>\n\n\n\n<h4 class=\"wp-block-heading\">2. <strong>Hangi T\u00fcr \u00c7erezleri Kullan\u0131yoruz?<\/strong><\/h4>\n\n\n\n<p>Web sitemizde \u015fu t\u00fcr \u00e7erezler kullan\u0131lmaktad\u0131r:<\/p>\n\n\n\n<ul class=\"wp-block-list\">\n<li><strong>Zorunlu \u00c7erezler<\/strong><br>Bu \u00e7erezler, web sitesinin do\u011fru bir \u015fekilde \u00e7al\u0131\u015fabilmesi i\u00e7in gereklidir ve devre d\u0131\u015f\u0131 b\u0131rak\u0131lamaz.<br>\u00d6rne\u011fin: Oturum \u00e7erezleri.<\/li>\n\n\n\n<li><strong>Performans ve Analitik \u00c7erezler<\/strong><br>Web sitesinin kullan\u0131m\u0131n\u0131 analiz etmek ve iyile\u015ftirmek amac\u0131yla kullan\u0131lan \u00e7erezlerdir.<br>\u00d6rne\u011fin: Ziyaret\u00e7i say\u0131s\u0131 ve sitede ge\u00e7irilen s\u00fcre bilgilerini toplar.<\/li>\n\n\n\n<li><strong>Fonksiyonel \u00c7erezler<\/strong><br>Kullan\u0131c\u0131 tercihlerini (\u00f6rne\u011fin dil se\u00e7imi) hat\u0131rlayarak daha ki\u015fiselle\u015ftirilmi\u015f bir deneyim sunar.<\/li>\n\n\n\n<li><strong>Hedefleme ve Reklam \u00c7erezleri<\/strong><br>Web sitesi \u00fczerinde ilgi alanlar\u0131n\u0131za g\u00f6re reklam ve i\u00e7erik sunulmas\u0131na yard\u0131mc\u0131 olur.<\/li>\n<\/ul>\n\n\n\n<hr class=\"wp-block-separator has-alpha-channel-opacity\"\/>\n\n\n\n<h4 class=\"wp-block-heading\">3. <strong>\u00c7erezlerin Kullan\u0131m Ama\u00e7lar\u0131<\/strong><\/h4>\n\n\n\n<ul class=\"wp-block-list\">\n<li>Web sitesinin i\u015flevselli\u011fini art\u0131rmak,<\/li>\n\n\n\n<li>Kullan\u0131c\u0131 deneyimini geli\u015ftirmek,<\/li>\n\n\n\n<li>Ziyaret\u00e7i davran\u0131\u015flar\u0131n\u0131 analiz ederek hizmetlerimizi iyile\u015ftirmek,<\/li>\n\n\n\n<li>\u0130lgi alanlar\u0131n\u0131za uygun i\u00e7erik ve reklam sunmak.<\/li>\n<\/ul>\n\n\n\n<hr class=\"wp-block-separator has-alpha-channel-opacity\"\/>\n\n\n\n<h4 class=\"wp-block-heading\">4. <strong>\u00c7erezlerin Y\u00f6netimi<\/strong><\/h4>\n\n\n\n<p>Taray\u0131c\u0131n\u0131z\u0131n ayarlar\u0131n\u0131 kullanarak \u00e7erezleri kabul edebilir, reddedebilir veya mevcut \u00e7erezleri silebilirsiniz. \u00c7erezlerin y\u00f6netimi i\u00e7in kullan\u0131lan y\u00f6ntem taray\u0131c\u0131ya g\u00f6re de\u011fi\u015fiklik g\u00f6sterebilir. En s\u0131k kullan\u0131lan taray\u0131c\u0131lar i\u00e7in \u00e7erez ayarlar\u0131 ba\u011flant\u0131lar\u0131na a\u015fa\u011f\u0131dan ula\u015fabilirsiniz:<\/p>\n\n\n\n<ul class=\"wp-block-list\">\n<li><strong>Google Chrome<\/strong>: <a>\u00c7erez Ayarlar\u0131<\/a><\/li>\n\n\n\n<li><strong>Mozilla Firefox<\/strong>: <a href=\"https:\/\/support.mozilla.org\/tr\/kb\/cerezler\">\u00c7erez Ayarlar\u0131<\/a><\/li>\n\n\n\n<li><strong>Safari<\/strong>: <a href=\"https:\/\/support.apple.com\/tr-tr\/guide\/safari\/sfri11471\/mac\">\u00c7erez Ayarlar\u0131<\/a><\/li>\n\n\n\n<li><strong>Microsoft Edge<\/strong>: <a href=\"https:\/\/support.microsoft.com\/tr-tr\/microsoft-edge\">\u00c7erez Ayarlar\u0131<\/a><\/li>\n<\/ul>\n\n\n\n<p>\u00c7erezlerin devre d\u0131\u015f\u0131 b\u0131rak\u0131lmas\u0131 durumunda, web sitesinin baz\u0131 \u00f6zelliklerinin d\u00fczg\u00fcn \u00e7al\u0131\u015fmayabilece\u011fini unutmay\u0131n.<\/p>\n\n\n\n<hr class=\"wp-block-separator has-alpha-channel-opacity\"\/>\n\n\n\n<h4 class=\"wp-block-heading\">5. <strong>\u00c7erez Politikas\u0131nda De\u011fi\u015fiklikler<\/strong><\/h4>\n\n\n\n<p>\u015eirketimiz, \u00c7erez Politikas\u0131&#8217;nda zaman zaman de\u011fi\u015fiklik yapma hakk\u0131n\u0131 sakl\u0131 tutar. G\u00fcncellemeler, web sitemizde yay\u0131nland\u0131\u011f\u0131 tarihten itibaren ge\u00e7erli olacakt\u0131r.<\/p>\n\n\n\n<hr class=\"wp-block-separator has-alpha-channel-opacity\"\/>\n\n\n\n<h4 class=\"wp-block-heading\">6. <strong>\u0130leti\u015fim Bilgileri<\/strong><\/h4>\n\n\n\n<p>\u00c7erez politikam\u0131zla ilgili sorular\u0131n\u0131z veya talepleriniz i\u00e7in bizimle ileti\u015fime ge\u00e7ebilirsiniz:<\/p>\n\n\n\n<p><strong>BEYOND C\u0130VATA SAN. VE T\u0130C. LTD. \u015eT\u0130.<\/strong><br>Adres: Sanayi Mahallesi Sanayi Caddesi No:25 PK 34906 Pendik\/\u0130stanbul<br>Telefon: 0216 595 19 41<br>E-posta: <a>info@beyondcivata.com.tr<\/a><\/p>\n\n\n\n<p>Bu politika, kullan\u0131c\u0131lar\u0131m\u0131za daha iyi bir hizmet sunmak amac\u0131yla haz\u0131rlanm\u0131\u015ft\u0131r.<\/p>\n\n\n\n<p>Sayg\u0131lar\u0131m\u0131zla,<br><strong>Beyond Civata Sanayi ve Ticaret Ltd. \u015eti.<\/strong><\/p>\n","protected":false},"excerpt":{"rendered":"<p>BEYOND C\u0130VATA SANAY\u0130 VE T\u0130CARET LTD. \u015eT\u0130. Web sitemizden en iyi \u015fekilde faydalanman\u0131z\u0131 sa\u011flamak ve kullan\u0131c\u0131 deneyiminizi geli\u015ftirmek amac\u0131yla \u00e7erezler kullan\u0131lmaktad\u0131r. Bu \u00c7erez Politikas\u0131, \u00e7erezlerin ne oldu\u011funu, hangi t\u00fcr \u00e7erezleri kulland\u0131\u011f\u0131m\u0131z\u0131 ve \u00e7erezlerin y\u00f6netimini a\u00e7\u0131klamaktad\u0131r. 1. \u00c7erez Nedir? \u00c7erezler, bir web sitesini ziyaret etti\u011finizde taray\u0131c\u0131n\u0131z taraf\u0131ndan cihaz\u0131n\u0131za depolanan k\u00fc\u00e7\u00fck metin dosyalar\u0131d\u0131r. \u00c7erezler, bir web sitesinin [&hellip;]<\/p>\n","protected":false},"author":1,"featured_media":0,"parent":0,"menu_order":0,"comment_status":"closed","ping_status":"closed","template":"","meta":{"footnotes":""},"class_list":["post-379","page","type-page","status-publish","hentry"],"_links":{"self":[{"href":"https:\/\/beyondcivata.com.tr\/index.php\/wp-json\/wp\/v2\/pages\/379","targetHints":{"allow":["GET"]}}],"collection":[{"href":"https:\/\/beyondcivata.com.tr\/index.php\/wp-json\/wp\/v2\/pages"}],"about":[{"href":"https:\/\/beyondcivata.com.tr\/index.php\/wp-json\/wp\/v2\/types\/page"}],"author":[{"embeddable":true,"href":"https:\/\/beyondcivata.com.tr\/index.php\/wp-json\/wp\/v2\/users\/1"}],"replies":[{"embeddable":true,"href":"https:\/\/beyondcivata.com.tr\/index.php\/wp-json\/wp\/v2\/comments?post=379"}],"version-history":[{"count":1,"href":"https:\/\/beyondcivata.com.tr\/index.php\/wp-json\/wp\/v2\/pages\/379\/revisions"}],"predecessor-version":[{"id":380,"href":"https:\/\/beyondcivata.com.tr\/index.php\/wp-json\/wp\/v2\/pages\/379\/revisions\/380"}],"wp:attachment":[{"href":"https:\/\/beyondcivata.com.tr\/index.php\/wp-json\/wp\/v2\/media?parent=379"}],"curies":[{"name":"wp","href":"https:\/\/api.w.org\/{rel}","templated":true}]}}